{"id":1075,"date":"2022-12-18T22:16:08","date_gmt":"2022-12-18T21:16:08","guid":{"rendered":"https:\/\/btssio2023.edta-sornas.com\/Wordpress\/Neil\/?page_id=1075"},"modified":"2022-12-18T22:18:10","modified_gmt":"2022-12-18T21:18:10","slug":"mentions-legales","status":"publish","type":"page","link":"https:\/\/btssio2023.edta-sornas.com\/Wordpress\/Neil\/mentions-legales\/","title":{"rendered":"Mentions l\u00e9gales"},"content":{"rendered":"\t\t<div data-elementor-type=\"wp-page\" data-elementor-id=\"1075\" class=\"elementor elementor-1075\" data-elementor-post-type=\"page\">\n\t\t\t\t\t\t<section class=\"elementor-section elementor-top-section elementor-element elementor-element-698f33d7 elementor-section-boxed elementor-section-height-default elementor-section-height-default\" data-id=\"698f33d7\" data-element_type=\"section\" data-e-type=\"section\">\n\t\t\t\t\t\t<div class=\"elementor-container elementor-column-gap-default\">\n\t\t\t\t\t<div class=\"elementor-column elementor-col-100 elementor-top-column elementor-element elementor-element-ce90cb5\" data-id=\"ce90cb5\" data-element_type=\"column\" data-e-type=\"column\">\n\t\t\t<div class=\"elementor-widget-wrap elementor-element-populated\">\n\t\t\t\t\t\t<div class=\"elementor-element elementor-element-31aa0f7 elementor-widget elementor-widget-heading\" data-id=\"31aa0f7\" data-element_type=\"widget\" data-e-type=\"widget\" data-widget_type=\"heading.default\">\n\t\t\t\t<div class=\"elementor-widget-container\">\n\t\t\t\t\t<h2 class=\"elementor-heading-title elementor-size-default\">Mentions l\u00e9gales\n<br>\n<br><\/h2>\t\t\t\t<\/div>\n\t\t\t\t<\/div>\n\t\t\t\t<div class=\"elementor-element elementor-element-67d95f26 elementor-widget elementor-widget-text-editor\" data-id=\"67d95f26\" data-element_type=\"widget\" data-e-type=\"widget\" data-widget_type=\"text-editor.default\">\n\t\t\t\t<div class=\"elementor-widget-container\">\n\t\t\t\t\t\t\t\t\t<p>ETGE\u00a0<br \/>Si\u00e8ge social : 30 AV DUMOTEL 94230 CACHAN<br \/>T\u00e9l : 06 14 97 24 47<br \/>Email : etge.travaux@gmail.com<\/p>\n<p>Soci\u00e9t\u00e9 \u00e0 responsabilit\u00e9 limit\u00e9 (SARL)<\/p>\n<p>Num\u00e9ro de SIRET : 81223164500019<\/p>\n<p>RCS : Creteil B 812\u00a0231\u00a0645<\/p>\n<p>TVA intracommunautaire : FR45812231645<br \/><br \/>Directeur de publication : Malik Fourar Laidi<\/p>\n<p>H\u00e9bergeur : Ionos SARL<br \/>Site h\u00e9berg\u00e9 chez www.ionos.fr<\/p>\n<p><br \/>1&amp;1 IONOS SARL<br \/>SARL au capital de 100 000 EUR<br \/>RCS Sarreguemines B 431 303 775<br \/>SIRET 431 303 775 000 16<br \/>Code APE : 6201Z<br \/>Identification intracommunautaire\u00a0: FR 13 431303775<br \/>Si\u00e8ge social : 1&amp;1 IONOS SARL<br \/>7, place de la Gare<br \/>BP 70109<br \/>57201 Sarreguemines Cedex<\/p>\t\t\t\t\t\t\t\t<\/div>\n\t\t\t\t<\/div>\n\t\t\t\t\t<\/div>\n\t\t<\/div>\n\t\t\t\t\t<\/div>\n\t\t<\/section>\n\t\t\t\t<\/div>\n\t\t","protected":false},"excerpt":{"rendered":"<p>Mentions l\u00e9gales ETGE\u00a0Si\u00e8ge social : 30 AV DUMOTEL 94230 CACHANT\u00e9l : 06 14 97 24 47Email : etge.travaux@gmail.com Soci\u00e9t\u00e9 \u00e0 responsabilit\u00e9 limit\u00e9 (SARL) Num\u00e9ro de SIRET : 81223164500019 RCS : Creteil B 812\u00a0231\u00a0645 TVA intracommunautaire : FR45812231645 Directeur de publication : Malik Fourar Laidi H\u00e9bergeur : Ionos SARLSite h\u00e9berg\u00e9 chez www.ionos.fr 1&amp;1 IONOS SARLSARL au [&hellip;]<\/p>\n","protected":false},"author":2,"featured_media":0,"parent":0,"menu_order":0,"comment_status":"closed","ping_status":"closed","template":"","meta":{"footnotes":""},"class_list":["post-1075","page","type-page","status-publish","hentry"],"_links":{"self":[{"href":"https:\/\/btssio2023.edta-sornas.com\/Wordpress\/Neil\/wp-json\/wp\/v2\/pages\/1075","targetHints":{"allow":["GET"]}}],"collection":[{"href":"https:\/\/btssio2023.edta-sornas.com\/Wordpress\/Neil\/wp-json\/wp\/v2\/pages"}],"about":[{"href":"https:\/\/btssio2023.edta-sornas.com\/Wordpress\/Neil\/wp-json\/wp\/v2\/types\/page"}],"author":[{"embeddable":true,"href":"https:\/\/btssio2023.edta-sornas.com\/Wordpress\/Neil\/wp-json\/wp\/v2\/users\/2"}],"replies":[{"embeddable":true,"href":"https:\/\/btssio2023.edta-sornas.com\/Wordpress\/Neil\/wp-json\/wp\/v2\/comments?post=1075"}],"version-history":[{"count":6,"href":"https:\/\/btssio2023.edta-sornas.com\/Wordpress\/Neil\/wp-json\/wp\/v2\/pages\/1075\/revisions"}],"predecessor-version":[{"id":1081,"href":"https:\/\/btssio2023.edta-sornas.com\/Wordpress\/Neil\/wp-json\/wp\/v2\/pages\/1075\/revisions\/1081"}],"wp:attachment":[{"href":"https:\/\/btssio2023.edta-sornas.com\/Wordpress\/Neil\/wp-json\/wp\/v2\/media?parent=1075"}],"curies":[{"name":"wp","href":"https:\/\/api.w.org\/{rel}","templated":true}]}}